Give j(-5).
176
Let s(l) = -60382*l + 362264. Calculate s(6).
-28
Let m(k) = -2567*k + 259273. Calculate m(101).
6
Let r(l) = 103290*l + 1239730. What is r(-12)?
250
Let m(y) = -y**2 - 78*y + 26248. What is m(-204)?
544
Let h(l) = 29229*l - 29238. Determine h(1).
-9
Let y(t) = -t**3 + 98*t**2 + 5012*t - 5936. Give y(-38).
-8
Let r(f) = -f**3 + 16*f**2 + 668*f - 4981. What is r(7)?
136
Let q(n) = -3*n**3 - 636*n**2 - 15*n + 894. What is q(-212)?
4074
Let x(h) = 627*h + 10837. Calculate x(-19).
-1076
Let h(l) = -3*l**3 + 78*l**2 - 19*l - 248. Calculate h(26).
-742
Let s(c) = 2*c**3 - 478*c**2 - 1946*c - 639. Give s(243).
-1125
Let f(c) = 7437*c - 44640. Give f(6).
-18
Let r(j) = 21*j**3 - 6*j**2 - 142*j + 447. Give r(3).
534
Let o(r) = -39*r**2 + 1446*r + 35. What is o(37)?
146
Let u(k) = -5*k**2 + 1440*k + 39083. Determine u(-25).
-42
Let t(b) = -101*b - 6483. Determine t(-56).
-827
Let m(w) = 2*w**2 - 1265*w + 42909. Calculate m(36).
-39
Let s(c) = 58*c**2 + 247*c + 80. Give s(-5).
295
Let y(w) = -3143*w + 110035. Determine y(35).
30
Let m(f) = -f**3 - 38*f**2 + 865*f + 33699. What is m(-36)?
-33
Let w(o) = 214*o**3 - 3*o**2 - 235*o - 236. Determine w(-1).
-218
Let b(c) = -2433*c + 5685. Determine b(2).
819
Let l(x) = -30782*x + 1077516. What is l(35)?
146
Let i(w) = -151*w**2 - 3325*w + 30. Determine i(-22).
96
Let f(h) = 200*h**2 + 1950*h - 32. Calculate f(-10).
468
Let m(u) = 3*u**3 - 3729*u**2 + 890*u - 1106272. Calculate m(1243).
-2
Let g(x) = 2*x**3 + 466*x**2 + 2719*x - 64. Determine g(-6).
-34
Let j(s) = -61*s**3 + 4*s**2 - 5*s - 32. Calculate j(-2).
482
Let t(k) = -4*k**2 + 1128*k - 20112. Give t(263).
-124
Let y(a) = -12658*a + 14160. Determine y(1).
1502
Let l(m) = 37*m - 1417. Determine l(35).
-122
Let l(n) = 4*n**2 - 426*n + 1769. Determine l(115).
5679
Let s(p) = -594*p - 14919. Give s(-28).
1713
Let m(f) = -100*f**3 - 1201*f**2 + 11*f + 261. Give m(-12).
-15
Let x(c) = 15298*c - 12. Give x(0).
-12
Let z(m) = 2608*m - 18292. What is z(7)?
-36
Let m(d) = 4851*d + 3817731. Give m(-787).
-6
Let c(v) = -3*v**2 + 2647*v + 34397. What is c(-13)?
-521
Let h(p) = 2649*p - 95627. Determine h(36).
-263
Let k(i) = 64*i**2 + 201*i + 746. Give k(-4).
966
Let a(z) = 15805*z - 268813. Give a(17).
-128
Let u(m) = 29*m**2 - 298*m + 4151. Determine u(14).
5663
Let b(g) = g**2 + 143*g - 10263. Give b(53).
125
Let t(x) = x**3 - 38*x**2 + 159*x - 9840. Determine t(40).
-280
Let w(h) = h**3 - 60*h**2 - 4289*h + 529. Give w(102).
19
Let w(a) = -360769*a - 721550. Calculate w(-2).
-12
Let s(j) = -60*j**2 - 43*j - 169. What is s(5)?
-1884
Let u(x) = 4*x**2 + 1425*x + 11489. Calculate u(-348).
5
Let t(o) = -36*o**2 + 48*o - 68. Calculate t(4).
-452
Let v(x) = -1532*x + 2652. What is v(2)?
-412
Let x(s) = 201*s**2 - 1771*s + 3390. Give x(6).
0
Let c(d) = 5*d**2 + 1249*d + 24849. What is c(-228)?
-3
Let k(x) = -1285*x - 17815. Give k(-12).
-2395
Let z(n) = -n**2 - 2202*n - 151298. Calculate z(-71).
3
Let r(c) = -20154*c + 120908. Give r(6).
-16
Let r(x) = -84532*x + 28064616. Determine r(332).
-8
Let s(b) = -20*b**2 - 109*b + 411. Give s(-8).
3
Let i(q) = 248*q + 2762. Give i(-11).
34
Let p(b) = b**3 + 56*b**2 - 276*b - 2159. What is p(-60)?
1
Let x(p) = 88888*p + 622225. Give x(-7).
9
Let d(x) = -3126*x - 15670. Calculate d(-5).
-40
Let a(w) = 5415*w + 351955. Give a(-65).
-20
Let q(s) = -389*s - 22505. Give q(-58).
57
Let b(g) = 2*g**3 + 15*g**2 - 111*g - 87. Calculate b(-11).
287
Let z(b) = -148599*b - 2971980. What is z(-20)?
0
Let y(o) = 55980*o - 56293. What is y(1)?
-313
Let l(d) = -1638*d + 57333. What is l(35)?
3
Let n(x) = 1640*x - 18225. Give n(11).
-185
Let i(w) = 3*w**3 - 1774*w**2 + 5830*w + 29388. Calculate i(588).
-12
Let p(n) = 13*n**3 - 69*n**2 + 9*n + 46. What is p(6)?
424
Let l(f) = 15*f**3 + 130*f**2 - 35*f + 37. Give l(-9).
-53
Let b(l) = 2*l**3 + 2197*l**2 - 164827*l + 2269. Give b(-1169).
-69
Let h(a) = -45*a**3 + 764*a**2 - 94*a + 1897. Give h(17).
10
Let w(x) = 36065*x + 12081778. Calculate w(-335).
3
Let x(m) = -m**3 - 39*m**2 - 51*m + 226. Calculate x(-38).
720
Let h(a) = a**3 + 237*a**2 - 3277*a - 6748. Calculate h(-250).
2
Let i(b) = 626*b + 129722. Give i(-207).
140
Let f(d) = 14*d**2 + 2165*d - 4340. Give f(2).
46
Let i(w) = 3*w**3 - 46*w**2 - 729*w + 11172. What is i(15)?
12
Let f(m) = 5*m**2 - 2117*m + 25488. What is f(411)?
6
Let q(s) = -2*s**3 + 61*s**2 + 29*s - 51. What is q(31)?
-113
Let f(k) = 14617*k + 58496. Calculate f(-4).
28
Let o(t) = 3*t**2 + 696*t + 24854. Calculate o(-44).
38
Let l(h) = h**2 - 553*h + 6. Calculate l(0).
6
Let y(u) = u**3 + 38*u**2 - 57*u - 5814. What is y(-35)?
-144
Let j(l) = -638*l + 14544. What is j(21)?
1146
Let n(w) = 35*w**3 - 511*w**2 - 209*w - 21. Calculate n(15).
-6
Let y(s) = -s**3 + 1150*s**2 - 14781*s - 9. What is y(13)?
-9
Let j(x) = -157*x + 3537. Give j(31).
-1330
Let m(b) = -5*b**2 - 59*b + 53. Give m(-9).
179
Let b(t) = t**3 - 222*t**2 - 24537*t + 472. Calculate b(-81).
-14
Let g(u) = -45*u**2 + 930*u + 116. What is g(21)?
-199
Let r(c) = 66504*c + 15096407. What is r(-227)?
-1
Let a(q) = q**3 + 34*q**2 + 236*q - 42. What is a(-14)?
574
Let l(u) = 39477*u - 552687. Determine l(14).
-9
Let v(o) = 2*o**2 + 21*o + 51. What is v(-4)?
-1
Let h(b) = 852648*b + 9379071. What is h(-11)?
-57
Let h(x) = -2280*x - 29737. What is h(-13)?
-97
Let j(y) = 12*y**3 + 773*y**2 + 2295*y + 6. Determine j(-3).
-246
Let o(g) = g**3 - 16*g**2 + 31*g - 218. Give o(20).
2002
Let o(i) = 20349*i + 40695. Calculate o(-2).
-3
Let h(n) = -155*n**2 + 414*n - 250. What is h(1)?
9
Let m(f) = 1847*f + 3150. Determine m(-2).
-544
Let j(b) = 525813*b + 1051632. Calculate j(-2).
6
Let f(z) = z**3 - 30*z**2 - 1508*z + 18. Calculate f(56).
-2894
Let r(d) = -d**3 + 12*d**2 + 32*d - 70. Calculate r(16).
-582
Let x(n) = -n**2 - 829*n - 42891. Determine x(-56).
397
Let k(w) = -32*w + 2161. Give k(77).
-303
Let k(z) = 2291*z + 144998. Determine k(-64).
-1626
Let t(v) = -223184*v - 1785450. Give t(-8).
22
Let r(x) = 2144*x - 20409. Calculate r(10).
1031
Let k(y) = 2*y**3 - 22*y**2 - 77*y - 95. Determine k(14).
3
Let f(b) = -31*b**2 - 1083*b + 10876. Calculate f(10).
-3054
Let k(a) = -27226*a - 871231. Determine k(-32).
1
Let x(z) = 255*z + 1155. What is x(-6)?
-375
Let u(c) = c**3 + 41*c**2 + 545*c + 26. Calculate u(-10).
-2324
Let h(l) = -915*l - 3985. Give h(-5).
590
Let x(v) = -20876*v - 417531. Determine x(-20).
-11
Let y(f) = -28*f**3 + 125*f**2 - 383*f + 11. Calculate y(3).
-769
Let z(d) = 79*d**2 + 2937*d - 2476. What is z(-38)?
-6
Let x(i) = -1332*i - 123965. What is x(-93)?
-89
Let w(h) = 32*h**3 - 347*h**2 - 65*h + 346. Determine w(11).
236
Let b(s) = s**3 + 29*s**2 - 270*s - 3024. Determine b(-34).
376
Let x(c) = -9035*c - 162594. What is x(-18)?
36
Let l(z) = -z**2 + 18580*z - 834048. Determine l(45).
27
Let t(b) = 19*b**2 + 494630*b + 989260. What is t(-2)?
76
Let b(u) = -u**3 - 29*u**2 + 1834*u + 52127. Determine b(-28).
-9
Let o(i) = -58619*i - 703431. What is o(-12)?
-3
Let z(t) = -4*t**2 + 1383*t - 10472. Determine z(338).
6
Let h(n) = 26713*n + 2617859. Calculate h(-98).
-15
Let w(x) = 171*x**2 + 12973*x + 101571. Calculate w(-67).
-1
Let x(b) = b**3 + 158*b**2 + 617*b - 41. Calculate x(-154).
-195
Let k(j) = -10*j**3 - 471*j**2 - 37*j + 483. Determine k(-47).
13
Let v(g) = -20*g**2 + 747*g - 3753. Calculate v(6).
9
Let l(g) = -238*g**2 - 3194*g - 1291. What is l(-13)?
9
Let x(s) = s**2 - 129*s + 615. What is x(131)?
877
Let d(z) = -2*z**3 + 300*z**2 - 8238*z - 46615. Calculate d(111).
5
Let v(c) = 5*c**2 + 156*c - 1418. Give v(9).
391
Let k(i) = -86*i + 5343. Give k(64).
-161
Let l(d) = 12*d**2 - 205*d - 1392. What is l(-9)?
1425
Let t(w) = -926*w**3 - w**2 + 55*w + 57. Determine t(-1).
927
Let b(z) = 4*z**3 - 56*z**2 - 68*z + 79. Determine b(15).
-41
Let n(c) = 4*c**2 + 453*c - 6462. Give n(-126).
-36
Let w(x) = 19*x**3 + 528*x**2 + 1066*x + 12. What is w(-2)?
-160
Let z(l) = 621*l + 145967. What is z(-235)?
32
Let z(i) = 13*i**3 - 44*i**2 - 401*i + 1494. Give z(4).
18
Let l(z) = z**3 - 169*z**2 - 698*z - 34. What is l(-4)?
-10
Let s(c) = c**2 + 425*c + 24741. What is s(-69)?
177
Let r(m) = 1185*m + 2375. Calculate r(-1).
1190
Let k(s) = -s**3 - 1384*s**2 - 148238*s + 113. What is k(-117)?
-4
Let